What are the prime factors of 7806?
2, 3, 1301
List the prime factors of 87858.
2, 3, 1627
What are the prime factors of 1608?
2, 3, 67
List the prime factors of 37140.
2, 3, 5, 619
List the prime factors of 4402.
2, 31, 71
What are the prime factors of 4379?
29, 151
What are the prime factors of 353?
353
List the prime factors of 3110.
2, 5, 311
What are the prime factors of 850?
2, 5, 17
List the prime factors of 19754.
2, 7, 17, 83
What are the prime factors of 40?
2, 5
What are the prime factors of 6605?
5, 1321
What are the prime factors of 642?
2, 3, 107
What are the prime factors of 469?
7, 67
List the prime factors of 33386.
2, 16693
What are the prime factors of 43838?
2, 23, 953
List the prime factors of 18293.
11, 1663
List the prime factors of 66312.
2, 3, 307
What are the prime factors of 3157?
7, 11, 41
List the prime factors of 7140.
2, 3, 5, 7, 17
List the prime factors of 23442.
2, 3, 3907
List the prime factors of 21286.
2, 29, 367
List the prime factors of 11330.
2, 5, 11, 103
What are the prime factors of 872?
2, 109
What are the prime factors of 17080?
2, 5, 7, 61
What are the prime factors of 826?
2, 7, 59
What are the prime factors of 953?
953
What are the prime factors of 38122?
2, 7, 389
What are the prime factors of 2473?
2473
List the prime factors of 23426.
2, 13, 17, 53
List the prime factors of 264.
2, 3, 11
What are the prime factors of 10177?
10177
What are the prime factors of 8621?
37, 233
What are the prime factors of 8584?
2, 29, 37
List the prime factors of 146.
2, 73
What are the prime factors of 14170?
2, 5, 13, 109
List the prime factors of 17816.
2, 17, 131
What are the prime factors of 336?
2, 3, 7
What are the prime factors of 107?
107
What are the prime factors of 4183?
47, 89
What are the prime factors of 104?
2, 13
List the prime factors of 92.
2, 23
List the prime factors of 800.
2, 5
List the prime factors of 974.
2, 487
What are the prime factors of 88687?
131, 677
What are the prime factors of 38120?
2, 5, 953
What are the prime factors of 1313?
13, 101
What are the prime factors of 7328?
2, 229
List the prime factors of 25916.
2, 11, 19, 31
List the prime factors of 72625.
5, 7, 83
List the prime factors of 39293.
39293
What are the prime factors of 11590?
2, 5, 19, 61
What are the prime factors of 21362?
2, 11, 971
What are the prime factors of 139?
139
List the prime factors of 8296.
2, 17, 61
What are the prime factors of 523?
523
List the prime factors of 7096.
2, 887
What are the prime factors of 8718?
2, 3, 1453
List the prime factors of 126.
2, 3, 7
What are the prime factors of 740?
2, 5, 37
What are the prime factors of 99050?
2, 5, 7, 283
What are the prime factors of 16407?
3, 1823
List the prime factors of 5110.
2, 5, 7, 73
What are the prime factors of 6584?
2, 823
List the prime factors of 292.
2, 73
List the prime factors of 16993.
16993
What are the prime factors of 1790?
2, 5, 179
List the prime factors of 4375.
5, 7
List the prime factors of 55582.
2, 27791
What are the prime factors of 695?
5, 139
What are the prime factors of 150?
2, 3, 5
What are the prime factors of 10408?
2, 1301
List the prime factors of 2069.
2069
List the prime factors of 34109.
23, 1483
List the prime factors of 5961.
3, 1987
List the prime factors of 676.
2, 13
What are the prime factors of 7557?
3, 11, 229
List the prime factors of 37080.
2, 3, 5, 103
What are the prime factors of 1886?
2, 23, 41
List the prime factors of 34202.
2, 7, 349
List the prime factors of 43674.
2, 3, 29, 251
List the prime factors of 6136.
2, 13, 59
What are the prime factors of 7068?
2, 3, 19, 31
What are the prime factors of 994?
2, 7, 71
List the prime factors of 3713.
47, 79
List the prime factors of 7380.
2, 3, 5, 41
What are the prime factors of 3061?
3061
List the prime factors of 2543.
2543
List the prime factors of 9652.
2, 19, 127
What are the prime factors of 19957?
7, 2851
What are the prime factors of 20249?
20249
What are the prime factors of 7222?
2, 23, 157
What are the prime factors of 3311?
7, 11, 43
List the prime factors of 52476.
2, 3, 4373
What are the prime factors of 25639?
25639
List the prime factors of 59632.
2, 3727
List the prime factors of 4.
2
What are the prime factors of 19051?
19051
What are the prime factors of 5481?
3, 7, 29
What are the prime factors of 35512?
2, 23, 193
List the prime factors of 6764.
2, 19, 89
What are the prime factors of 4498?
2, 13, 173
What are the prime factors of 24297?
3, 7, 13, 89
List the prime factors of 62497.
62497
List the prime factors of 50126.
2, 71, 353
List the prime factors of 5048.
2, 631
List the prime factors of 64983.
3, 21661
What are the prime factors of 4000?
2, 5
List the prime factors of 412.
2, 103
What are the prime factors of 118?
2, 59
What are the prime factors of 18843?
3, 11, 571
What are the prime factors of 128232?
2, 3, 13, 137
List the prime factors of 7608.
2, 3, 317
List the prime factors of 957.
3, 11, 29
What are the prime factors of 190567?
13, 107, 137
What are the prime factors of 344?
2, 43
List the prime factors of 31791.
3, 10597
List the prime factors of 22332.
2, 3, 1861
List the prime factors of 2546.
2, 19, 67
What are the prime factors of 4961?
11, 41
What are the prime factors of 3460?
2, 5, 173
What are the prime factors of 2557?
2557
What are the prime factors of 9535?
5, 1907
List the prime factors of 498.
2, 3, 83
List the prime factors of 71891.
29, 37, 67
List the prime factors of 19627.
19, 1033
What are the prime factors of 1085?
5, 7, 31
List the prime factors of 21339.
3, 2371
What are the prime factors of 2622?
2, 3, 19, 23
List the prime factors of 22584.
2, 3, 941
List the prime factors of 508.
2, 127
List the prime factors of 2407.
29, 83
What are the prime factors of 6261?
3, 2087
List the prime factors of 20549.
20549
List the prime factors of 40.
2, 5
List the prime factors of 1991.
11, 181
List the prime factors of 90216.
2, 3, 7, 179
List the prime factors of 23657.
41, 577
What are the prime factors of 4121?
13, 317
List the prime factors of 1684.
2, 421
What are the prime factors of 6416?
2, 401
List the prime factors of 3308.
2, 827
What are the prime factors of 638?
2, 11, 29
What are the prime factors of 5910?
2, 3, 5, 197
List the prime factors of 1270.
2, 5, 127
What are the prime factors of 10815?
3, 5, 7, 103
What are the prime factors of 90644?
2, 17, 31, 43
List the prime factors of 23074.
2, 83, 139
List the prime factors of 866.
2, 433
What are the prime factors of 31316?
2, 7829
What are the prime factors of 13588?
2, 43, 79
List the prime factors of 62685.
3, 5, 7, 199
What are the prime factors of 20826?
2, 3, 13, 89
What are the prime factors of 804?
2, 3, 67
List the prime factors of 19200.
2, 3, 5
What are the prime factors of 1731?
3, 577
What are the prime factors of 109?
109
What are the prime factors of 1196?
2, 13, 23
What are the prime factors of 431?
431
List the prime factors of 29336.
2, 19, 193
What are the prime factors of 3805?
5, 761
List the prime factors of 1562.
2, 11, 71
List the prime factors of 11787.
3, 3929
What are the prime factors of 229?
229
List the prime factors of 54708.
2, 3, 47, 97
List the prime factors of 229.
229
What are the prime factors of 30900?
2, 3, 5, 103
What are the prime factors of 13126?
2, 6563
List the prime factors of 9654.
2, 3, 1609
List the prime factors of 46587.
3, 53, 293
What are the prime factors of 296?
2, 37
What are the prime factors of 22769?
22769
What are the prime factors of 4143?
3, 1381
List the prime factors of 607.
607
List the prime factors of 1013.
1013
What are the prime factors of 468?
2, 3, 13
List the prime factors of 48134.
2, 41, 587
What are the prime factors of 186?
2, 3, 31
List the prime factors of 7031.
79, 89
List the prime factors of 1449.
3, 7, 23
List the prime factors of 8407.
7, 1201
What are the prime factors of 31566?
2, 3, 5261
List the prime factors of 10818.
2, 3, 601
List the prime factors of 20040.
2, 3, 5, 167
List the prime factors of 4070.
2, 5, 11, 37
List the prime factors of 4442.
2, 2221
What are the prime factors of 184?
2, 23
List the prime factors of 15910.
2, 5, 37, 43
What are the prime factors of 20353?
20353
List the prime factors of 21445.
5, 4289
What are the prime